{"id":126,"date":"2018-04-16T14:05:17","date_gmt":"2018-04-16T14:05:17","guid":{"rendered":"http:\/\/voluntariat.centre.ubbcluj.ro\/?page_id=126"},"modified":"2023-02-27T09:50:50","modified_gmt":"2023-02-27T09:50:50","slug":"vreau-sa-coordonez-voluntari","status":"publish","type":"page","link":"https:\/\/voluntariat.centre.ubbcluj.ro\/index.php\/vreau-sa-coordonez-voluntari\/","title":{"rendered":"Vreau s\u0103 coordonez voluntari"},"content":{"rendered":"<p><span style=\"font-family: Georgia, Palatino; font-size: 14pt; color: #000000;\">Ce am de f\u0103cut\/Pa\u0219ii care trebuie urma\u021bi:<\/span><\/p>\n<ul>\n<li><span style=\"font-family: Georgia, Palatino; font-size: 14pt; color: #000000;\">Identifici studen\u021bii pe care dore\u0219ti s\u0103 \u00eei implici \u00een activit\u0103\u021bi de voluntariat;<\/span><\/li>\n<li><span style=\"font-family: Georgia, Palatino; font-size: 14pt; color: #000000;\">Ne trimi\u021bi un mesaj la <em><strong>voluntariat@ubbcluj.ro<\/strong><\/em><\/span><\/li>\n<li><span style=\"font-family: Georgia, Palatino; font-size: 14pt; color: #000000;\">De la noi vei primi toate detaliile necesare pentru desf\u0103\u0219urarea activit\u0103\u021bii, c\u00e2t \u0219i suportul administrativ pentru \u00eencheierea contractelor de voluntariat.<\/span><\/li>\n<\/ul>\n\n\n<p class=\"has-black-color has-text-color\" style=\"font-style:normal;font-weight:400\">De asemenea, noi v\u0103 putem ajuta \u00een procesul de recrutare \u0219i selec\u021bie al voluntarilor, prin lansarea unui apel c\u0103tre voluntari prin intermediul paginilor noastre de socializare. Tot ce trebuie s\u0103 face\u021bi, \u00een acest caz, este s\u0103 ne scrie\u021bi pe adresa <strong><em>voluntariat@ubbcluj.ro<\/em><\/strong> detalii legate de eveniment\/stagiul de voluntariat pe care dori\u021bi s\u0103 \u00eel desf\u0103\u0219ura\u021bi \u0219i criteriile pe care trebuie s\u0103 le \u00eendeplneasc\u0103 voluntarii.<\/p>\n\n\n\n<p><\/p>\n\n\n\n<p>M\u0103rturiile unor coordonatori privind beneficiile \u0219i modul \u00een care ace\u0219tia \u00ee\u0219i desf\u0103\u0219oar\u0103 activit\u0103\u021bile \u00een colaborare cu voluntarii pot fi reg\u0103site mai jos.<\/p>\n\n\n\n<p><\/p>\n\n\n\n<p><\/p>\n\n\n\n<figure class=\"wp-block-image size-large is-resized\"><img decoding=\"async\" loading=\"lazy\" src=\"http:\/\/voluntariat.centre.ubbcluj.ro\/wp-content\/uploads\/2023\/02\/1-1-1024x1024.jpg\" alt=\"\" class=\"wp-image-366\" width=\"839\" height=\"839\" srcset=\"https:\/\/voluntariat.centre.ubbcluj.ro\/wp-content\/uploads\/2023\/02\/1-1-1024x1024.jpg 1024w, https:\/\/voluntariat.centre.ubbcluj.ro\/wp-content\/uploads\/2023\/02\/1-1-300x300.jpg 300w, https:\/\/voluntariat.centre.ubbcluj.ro\/wp-content\/uploads\/2023\/02\/1-1-150x150.jpg 150w, https:\/\/voluntariat.centre.ubbcluj.ro\/wp-content\/uploads\/2023\/02\/1-1-768x768.jpg 768w, https:\/\/voluntariat.centre.ubbcluj.ro\/wp-content\/uploads\/2023\/02\/1-1-1536x1536.jpg 1536w, https:\/\/voluntariat.centre.ubbcluj.ro\/wp-content\/uploads\/2023\/02\/1-1-2048x2048.jpg 2048w\" sizes=\"(max-width: 839px) 100vw, 839px\" \/><\/figure>\n\n\n\n<figure class=\"wp-block-image size-large is-resized\"><img decoding=\"async\" loading=\"lazy\" src=\"http:\/\/voluntariat.centre.ubbcluj.ro\/wp-content\/uploads\/2023\/02\/2-1-1024x1024.jpg\" alt=\"\" class=\"wp-image-367\" width=\"839\" height=\"839\" srcset=\"https:\/\/voluntariat.centre.ubbcluj.ro\/wp-content\/uploads\/2023\/02\/2-1-1024x1024.jpg 1024w, https:\/\/voluntariat.centre.ubbcluj.ro\/wp-content\/uploads\/2023\/02\/2-1-300x300.jpg 300w, https:\/\/voluntariat.centre.ubbcluj.ro\/wp-content\/uploads\/2023\/02\/2-1-150x150.jpg 150w, https:\/\/voluntariat.centre.ubbcluj.ro\/wp-content\/uploads\/2023\/02\/2-1-768x768.jpg 768w, https:\/\/voluntariat.centre.ubbcluj.ro\/wp-content\/uploads\/2023\/02\/2-1-1536x1536.jpg 1536w, https:\/\/voluntariat.centre.ubbcluj.ro\/wp-content\/uploads\/2023\/02\/2-1-2048x2048.jpg 2048w\" sizes=\"(max-width: 839px) 100vw, 839px\" \/><\/figure>\n\n\n\n<figure class=\"wp-block-image size-large is-resized\"><img decoding=\"async\" loading=\"lazy\" src=\"http:\/\/voluntariat.centre.ubbcluj.ro\/wp-content\/uploads\/2023\/02\/3-1-1024x1024.jpg\" alt=\"\" class=\"wp-image-368\" width=\"839\" height=\"839\" srcset=\"https:\/\/voluntariat.centre.ubbcluj.ro\/wp-content\/uploads\/2023\/02\/3-1-1024x1024.jpg 1024w, https:\/\/voluntariat.centre.ubbcluj.ro\/wp-content\/uploads\/2023\/02\/3-1-300x300.jpg 300w, https:\/\/voluntariat.centre.ubbcluj.ro\/wp-content\/uploads\/2023\/02\/3-1-150x150.jpg 150w, https:\/\/voluntariat.centre.ubbcluj.ro\/wp-content\/uploads\/2023\/02\/3-1-768x768.jpg 768w, https:\/\/voluntariat.centre.ubbcluj.ro\/wp-content\/uploads\/2023\/02\/3-1-1536x1536.jpg 1536w, https:\/\/voluntariat.centre.ubbcluj.ro\/wp-content\/uploads\/2023\/02\/3-1-2048x2048.jpg 2048w\" sizes=\"(max-width: 839px) 100vw, 839px\" \/><\/figure>\n\n\n\n<figure class=\"wp-block-image size-large is-resized\"><img decoding=\"async\" loading=\"lazy\" src=\"http:\/\/voluntariat.centre.ubbcluj.ro\/wp-content\/uploads\/2023\/02\/4-1-1024x1024.jpg\" alt=\"\" class=\"wp-image-369\" width=\"839\" height=\"839\" srcset=\"https:\/\/voluntariat.centre.ubbcluj.ro\/wp-content\/uploads\/2023\/02\/4-1-1024x1024.jpg 1024w, https:\/\/voluntariat.centre.ubbcluj.ro\/wp-content\/uploads\/2023\/02\/4-1-300x300.jpg 300w, https:\/\/voluntariat.centre.ubbcluj.ro\/wp-content\/uploads\/2023\/02\/4-1-150x150.jpg 150w, https:\/\/voluntariat.centre.ubbcluj.ro\/wp-content\/uploads\/2023\/02\/4-1-768x768.jpg 768w, https:\/\/voluntariat.centre.ubbcluj.ro\/wp-content\/uploads\/2023\/02\/4-1-1536x1536.jpg 1536w, https:\/\/voluntariat.centre.ubbcluj.ro\/wp-content\/uploads\/2023\/02\/4-1-2048x2048.jpg 2048w\" sizes=\"(max-width: 839px) 100vw, 839px\" \/><\/figure>\n\n\n<div class=\"wp-block-image\">\n<figure class=\"aligncenter size-large is-resized\"><img decoding=\"async\" loading=\"lazy\" src=\"http:\/\/voluntariat.centre.ubbcluj.ro\/wp-content\/uploads\/2023\/02\/5-1-1024x1024.jpg\" alt=\"\" class=\"wp-image-370\" width=\"-677\" height=\"-677\" srcset=\"https:\/\/voluntariat.centre.ubbcluj.ro\/wp-content\/uploads\/2023\/02\/5-1-1024x1024.jpg 1024w, https:\/\/voluntariat.centre.ubbcluj.ro\/wp-content\/uploads\/2023\/02\/5-1-300x300.jpg 300w, https:\/\/voluntariat.centre.ubbcluj.ro\/wp-content\/uploads\/2023\/02\/5-1-150x150.jpg 150w, https:\/\/voluntariat.centre.ubbcluj.ro\/wp-content\/uploads\/2023\/02\/5-1-768x768.jpg 768w, https:\/\/voluntariat.centre.ubbcluj.ro\/wp-content\/uploads\/2023\/02\/5-1-1536x1536.jpg 1536w, https:\/\/voluntariat.centre.ubbcluj.ro\/wp-content\/uploads\/2023\/02\/5-1-2048x2048.jpg 2048w\" sizes=\"(max-width: 1024px) 100vw, 1024px\" \/><\/figure><\/div>\n\n<div class=\"wp-block-image\">\n<figure class=\"aligncenter size-large is-resized\"><img decoding=\"async\" loading=\"lazy\" src=\"http:\/\/voluntariat.centre.ubbcluj.ro\/wp-content\/uploads\/2023\/02\/6-1-1024x1024.jpg\" alt=\"\" class=\"wp-image-371\" width=\"-482\" height=\"-482\" srcset=\"https:\/\/voluntariat.centre.ubbcluj.ro\/wp-content\/uploads\/2023\/02\/6-1-1024x1024.jpg 1024w, https:\/\/voluntariat.centre.ubbcluj.ro\/wp-content\/uploads\/2023\/02\/6-1-300x300.jpg 300w, https:\/\/voluntariat.centre.ubbcluj.ro\/wp-content\/uploads\/2023\/02\/6-1-150x150.jpg 150w, https:\/\/voluntariat.centre.ubbcluj.ro\/wp-content\/uploads\/2023\/02\/6-1-768x768.jpg 768w, https:\/\/voluntariat.centre.ubbcluj.ro\/wp-content\/uploads\/2023\/02\/6-1-1536x1536.jpg 1536w, https:\/\/voluntariat.centre.ubbcluj.ro\/wp-content\/uploads\/2023\/02\/6-1-2048x2048.jpg 2048w\" sizes=\"(max-width: 1024px) 100vw, 1024px\" \/><\/figure><\/div>\n\n<div class=\"wp-block-image\">\n<figure class=\"aligncenter size-large is-resized\"><img decoding=\"async\" loading=\"lazy\" src=\"http:\/\/voluntariat.centre.ubbcluj.ro\/wp-content\/uploads\/2023\/02\/7-1-1024x1024.jpg\" alt=\"\" class=\"wp-image-372\" width=\"-465\" height=\"-465\" srcset=\"https:\/\/voluntariat.centre.ubbcluj.ro\/wp-content\/uploads\/2023\/02\/7-1-1024x1024.jpg 1024w, https:\/\/voluntariat.centre.ubbcluj.ro\/wp-content\/uploads\/2023\/02\/7-1-300x300.jpg 300w, https:\/\/voluntariat.centre.ubbcluj.ro\/wp-content\/uploads\/2023\/02\/7-1-150x150.jpg 150w, https:\/\/voluntariat.centre.ubbcluj.ro\/wp-content\/uploads\/2023\/02\/7-1-768x768.jpg 768w, https:\/\/voluntariat.centre.ubbcluj.ro\/wp-content\/uploads\/2023\/02\/7-1-1536x1536.jpg 1536w, https:\/\/voluntariat.centre.ubbcluj.ro\/wp-content\/uploads\/2023\/02\/7-1-2048x2048.jpg 2048w\" sizes=\"(max-width: 1024px) 100vw, 1024px\" \/><\/figure><\/div>\n\n<div class=\"wp-block-image\">\n<figure class=\"aligncenter size-large is-resized\"><img decoding=\"async\" loading=\"lazy\" src=\"http:\/\/voluntariat.centre.ubbcluj.ro\/wp-content\/uploads\/2023\/02\/8-1-1024x1024.jpg\" alt=\"\" class=\"wp-image-373\" width=\"-455\" height=\"-455\" srcset=\"https:\/\/voluntariat.centre.ubbcluj.ro\/wp-content\/uploads\/2023\/02\/8-1-1024x1024.jpg 1024w, https:\/\/voluntariat.centre.ubbcluj.ro\/wp-content\/uploads\/2023\/02\/8-1-300x300.jpg 300w, https:\/\/voluntariat.centre.ubbcluj.ro\/wp-content\/uploads\/2023\/02\/8-1-150x150.jpg 150w, https:\/\/voluntariat.centre.ubbcluj.ro\/wp-content\/uploads\/2023\/02\/8-1-768x768.jpg 768w, https:\/\/voluntariat.centre.ubbcluj.ro\/wp-content\/uploads\/2023\/02\/8-1-1536x1536.jpg 1536w, https:\/\/voluntariat.centre.ubbcluj.ro\/wp-content\/uploads\/2023\/02\/8-1-2048x2048.jpg 2048w\" sizes=\"(max-width: 1024px) 100vw, 1024px\" \/><\/figure><\/div>","protected":false},"excerpt":{"rendered":"<p>Ce am de f\u0103cut\/Pa\u0219ii care trebuie urma\u021bi: Identifici studen\u021bii pe care dore\u0219ti s\u0103 \u00eei implici \u00een activit\u0103\u021bi de voluntariat; Ne trimi\u021bi un mesaj la voluntariat@ubbcluj.ro De la noi vei primi&#8230; <\/p>\n","protected":false},"author":1,"featured_media":0,"parent":0,"menu_order":0,"comment_status":"closed","ping_status":"closed","template":"","meta":[],"_links":{"self":[{"href":"https:\/\/voluntariat.centre.ubbcluj.ro\/index.php\/wp-json\/wp\/v2\/pages\/126"}],"collection":[{"href":"https:\/\/voluntariat.centre.ubbcluj.ro\/index.php\/wp-json\/wp\/v2\/pages"}],"about":[{"href":"https:\/\/voluntariat.centre.ubbcluj.ro\/index.php\/wp-json\/wp\/v2\/types\/page"}],"author":[{"embeddable":true,"href":"https:\/\/voluntariat.centre.ubbcluj.ro\/index.php\/wp-json\/wp\/v2\/users\/1"}],"replies":[{"embeddable":true,"href":"https:\/\/voluntariat.centre.ubbcluj.ro\/index.php\/wp-json\/wp\/v2\/comments?post=126"}],"version-history":[{"count":5,"href":"https:\/\/voluntariat.centre.ubbcluj.ro\/index.php\/wp-json\/wp\/v2\/pages\/126\/revisions"}],"predecessor-version":[{"id":376,"href":"https:\/\/voluntariat.centre.ubbcluj.ro\/index.php\/wp-json\/wp\/v2\/pages\/126\/revisions\/376"}],"wp:attachment":[{"href":"https:\/\/voluntariat.centre.ubbcluj.ro\/index.php\/wp-json\/wp\/v2\/media?parent=126"}],"curies":[{"name":"wp","href":"https:\/\/api.w.org\/{rel}","templated":true}]}}