{"id":187,"date":"2021-09-17T10:14:35","date_gmt":"2021-09-17T10:14:35","guid":{"rendered":"http:\/\/voluntariat.centre.ubbcluj.ro\/?page_id=187"},"modified":"2022-11-03T10:31:30","modified_gmt":"2022-11-03T10:31:30","slug":"documente","status":"publish","type":"page","link":"https:\/\/voluntariat.centre.ubbcluj.ro\/index.php\/documente\/","title":{"rendered":"Documente"},"content":{"rendered":"<p>Pentru a organiza activit\u0103\u021bi extracurriculare \u00een cadrul UBB, v\u0103 rug\u0103m s\u0103 completa\u021bi (\u0219i s\u0103 semna\u021bi) documentele de mai jos!<\/p>\n<p><a href=\"http:\/\/voluntariat.centre.ubbcluj.ro\/wp-content\/uploads\/2022\/11\/Contract_de_Voluntariat_UBB_2022.docx\" target=\"_blank\" rel=\"noopener\">Contract de Voluntariat <\/a><\/p>\n<p><a href=\"http:\/\/voluntariat.centre.ubbcluj.ro\/wp-content\/uploads\/2021\/09\/Fi\u0219a-PSI_2022.doc\" target=\"_blank\" rel=\"noopener\">Fi\u0219a de instruire PSI<\/a><\/p>\n<p><a href=\"http:\/\/voluntariat.centre.ubbcluj.ro\/wp-content\/uploads\/2021\/09\/MODEL-fisa_postului_UBB-2021.docx\" target=\"_blank\" rel=\"noopener\">MODEL fi\u0219a postului<\/a><\/p>\n<p><a href=\"http:\/\/voluntariat.centre.ubbcluj.ro\/wp-content\/uploads\/2021\/09\/pontaj-voluntari_UBB_2022.docx\" target=\"_blank\" rel=\"noopener\">Document pontaj voluntari <\/a><\/p>\n<p><a href=\"http:\/\/voluntariat.centre.ubbcluj.ro\/wp-content\/uploads\/2021\/09\/raport_evaluare_al_voluntarului-2022.docx\" target=\"_blank\" rel=\"noopener\">Raport de evaluare al voluntarului<\/a><\/p>\n<p>Pentru orice \u00eentreb\u0103ri nu ezita\u021bi s\u0103 ne contacta\u021bi la adresa de mail <em><strong>voluntariat@ubbcluj.ro<\/strong><\/em><\/p>\n\n\n<p><\/p>\n","protected":false},"excerpt":{"rendered":"<p>Pentru a organiza activit\u0103\u021bi extracurriculare \u00een cadrul UBB, v\u0103 rug\u0103m s\u0103 completa\u021bi (\u0219i s\u0103 semna\u021bi) documentele de mai jos! Contract de Voluntariat Fi\u0219a de instruire PSI MODEL fi\u0219a postului Document&#8230; <\/p>\n","protected":false},"author":1,"featured_media":0,"parent":0,"menu_order":0,"comment_status":"closed","ping_status":"closed","template":"","meta":[],"_links":{"self":[{"href":"https:\/\/voluntariat.centre.ubbcluj.ro\/index.php\/wp-json\/wp\/v2\/pages\/187"}],"collection":[{"href":"https:\/\/voluntariat.centre.ubbcluj.ro\/index.php\/wp-json\/wp\/v2\/pages"}],"about":[{"href":"https:\/\/voluntariat.centre.ubbcluj.ro\/index.php\/wp-json\/wp\/v2\/types\/page"}],"author":[{"embeddable":true,"href":"https:\/\/voluntariat.centre.ubbcluj.ro\/index.php\/wp-json\/wp\/v2\/users\/1"}],"replies":[{"embeddable":true,"href":"https:\/\/voluntariat.centre.ubbcluj.ro\/index.php\/wp-json\/wp\/v2\/comments?post=187"}],"version-history":[{"count":8,"href":"https:\/\/voluntariat.centre.ubbcluj.ro\/index.php\/wp-json\/wp\/v2\/pages\/187\/revisions"}],"predecessor-version":[{"id":322,"href":"https:\/\/voluntariat.centre.ubbcluj.ro\/index.php\/wp-json\/wp\/v2\/pages\/187\/revisions\/322"}],"wp:attachment":[{"href":"https:\/\/voluntariat.centre.ubbcluj.ro\/index.php\/wp-json\/wp\/v2\/media?parent=187"}],"curies":[{"name":"wp","href":"https:\/\/api.w.org\/{rel}","templated":true}]}}