{"id":424,"date":"2025-09-17T11:10:10","date_gmt":"2025-09-17T11:10:10","guid":{"rendered":"https:\/\/voluntariat.centre.ubbcluj.ro\/?page_id=424"},"modified":"2025-09-17T11:10:39","modified_gmt":"2025-09-17T11:10:39","slug":"raport-de-activitate-pe-anul-2024","status":"publish","type":"page","link":"https:\/\/voluntariat.centre.ubbcluj.ro\/index.php\/acasa\/raport-de-activitate-pe-anul-2024\/","title":{"rendered":"Raport de activitate pe anul 2024"},"content":{"rendered":"\n<p>\u00cen anul 2024, \u00een cadrul programului \u201eVoluntar la UBB\u201d al Biroului pentru Voluntariat au fost \u00eencheiate 554 de contracte de voluntariat. \u00cen ceea ce privesc adeverin\u021bele de voluntariat, o component\u0103 important\u0103 care justific\u0103 implicarea voluntarilor \u0219i care confer\u0103 experien\u021b\u0103 de munc\u0103 \u00een domeniul de activitate, \u00een anul 2024 au fost eliberate un num\u0103r de 489 adeverin\u021be. Majoritatea voluntarilor, conform rapoartelor \u00eenaintate de c\u0103tre coodonatorii de voluntari, au ob\u021binut pentru activitatea realizat\u0103 de-a lungul perioadei contractuale calificativul \u201efoarte bine\u201d sau \u201eexcelent\u201d.<\/p>\n\n\n\n<p>Ca \u00een fiecare an, Biroul pentru Voluntariat \u00een parteneriat cu Direc\u021bia Comunicare \u0219i Rela\u021bii Publice UBB a participat cu un stand de promovare a ofertei educa\u021bionale a Universit\u0103\u021bii la cele dou\u0103 edi\u021bii ale t\u00e2rgului de cariere desf\u0103\u0219urat la BT Arena, \u00een perioada 28-29 martie \u0219i 28-29 noiembrie, dar \u0219i la t\u00e2rgul AJOFM din 11 octombrie. Voluntarii de la standul UBB au interac\u021bionat cu publicul prezent, oferind informa\u021bii legate de oferta educa\u021bional\u0103 \u0219i distribuind obiecte promo\u021bionale.<\/p>\n\n\n\n<p>Deja o tradi\u021bie campania de donare de s\u00e2nge, \u00een 2024 un num\u0103r de 42 de studen\u021bi UBB s-au implicat la edi\u021bia a XIII-a. Ace\u0219ti au asistat personalul medical la trierea donatorilor, au oferit informa\u021bii legate de criteriile de donare \u0219i au recompensat donatorii cu produse alimentare din partea partenerilor campaniei.<\/p>\n\n\n\n<p>17 voluntari au r\u0103spuns pozitiv apelului pentru organizarea Conferin\u021bei Na\u021bionale \u201eS\u0103n\u0103tatea Familiei \u0219i Natalitatea\u201d din 15-17 mai de la Cluj-Napoca, unde Universitatea Babe\u0219-Bolyai a fost partener \u0219tiin\u021bific prin UBB School of Health \u2013 UBBMed. Printre atribu\u021biile voluntarilor s-au num\u0103rat \u00eenregistrarea participan\u021bilor \u0219i direc\u021bionarea acestora c\u0103tre s\u0103lile prelegerilor, distribuirea ecusoanelor \u0219i a kit-urilor de participare.<\/p>\n\n\n\n<p>UBB Goes Green, o ini\u021biativ\u0103 strategic\u0103 a Universit\u0103\u021bii Babe\u0219-Bolyai lansat\u0103 \u00een 2016 care urm\u0103re\u0219te promovarea dezvolt\u0103rii durabile \u0219i protec\u021bia mediului \u00een cadrul comunit\u0103\u021bii academice \u0219i al infrastructurii universitare a adus la un loc 32 de voluntari care s-au implicat \u00een ac\u021biuni de ecologizare \u00een Gr\u0103dina Botanic\u0103 \u201eAlexandru Borza\u201d \u0219i la inaugurarea \u201ealeii biodiversit\u0103\u021bii\u201d.<\/p>\n\n\n\n<p>\u00cen data de 19 noiembrie a fost derulat primul workshop de formare pentru angaja\u021bii UBB, intitulat \u201eDezvoltarea unei echipe de voluntari: abilit\u0103\u021bi \u0219i perspective pentru coordonatori\u201d. Workshop-ul a avut loc pe platforma Microsoft Teams \u0219i au participat 28 de angaja\u021bi ai UBB, provenind din diferite structuri \u0219i cu diferite func\u021bii, de la cadre didactice, la documentari\u0219ti, personal didactic auxiliar \u0219i al\u021bii. Ca urmare a acestei ini\u021biative, biroul a primit la scurt timp dup\u0103 solicit\u0103ri de recrutare de voluntari de la noi structuri UBB, fiind o confirmare a impactului pozitiv pe care l-a generat. Aceast\u0103 ini\u021biativ\u0103 va continua \u0219i \u00een anul 2025 pentru a cre\u0219te gradul de cunoa\u0219tere al personalului UBB cu privire la organizarea de stagii de voluntariat \u00een cadrul Universit\u0103\u021bii.<\/p>\n\n\n\n<p>Ziua Interna\u021bional\u0103 a Voluntariatului din 5 decembrie a fost marcat\u0103 prin dou\u0103 activit\u0103\u021bi. Prima activitate, denumit\u0103 \u201espiridu\u0219ii lui Mo\u0219 Nicolae\u201d, a reprezentat str\u00e2ngerea de cadouri pentru copiii de la Centrul de zi \u201e\u021aara Minunilor\u201d din Cluj-Napoca, copii defavoriza\u021bi din Pata R\u00e2t. Studen\u021bii UBB au r\u0103spuns pozitiv ac\u021biunii sociale \u0219i s-au mobilizat \u00eentr-un num\u0103r foarte mare, ceea ce a permis ca fiecare copil din centrul de zi s\u0103 primeasc\u0103 un cadou.<\/p>\n\n\n\n<p>Cea de-a doua activitate prin care am marcat Ziua Interna\u021bional\u0103 a Voluntariatului a fost realizat\u0103 \u00een parteneriat cu corul de camer\u0103 \u201ePsalmodia Transylvanica\u201d de la Facultatea de Teologie Ortodox\u0103. Coordonat de pr. prof. univ. dr. Vasile Stanciu \u0219i \u00eenso\u021bit de un reprezentant al Biroului pentru Voluntariat, corul a fost la Centrul de zi nr. 1 Cluj-Napoca, unde i-a colindat pe v\u00e2rstnici \u00een prag de s\u0103rb\u0103tori.<\/p>\n\n\n\n<p>Alte evenimente \u00een care au fost implica\u021bi voluntari au fost: Zilele Clujului \u00een parteneriat cu CCI UBB, Noaptea Muzeelor \u00een cadrul muzeelor UBB, Arhiva Recuno\u0219tin\u021bei \u2013 proiect desf\u0103\u0219urat de Muzeul de Istorie al UBB, Atelierul de g\u00e2ndire critic\u0103 pentru liceeni \u0219i studen\u021bi \u2013 organizat de Muzeul Alexandru Duma UBB, concertul caritabil de colinde, \u201eSlav\u0103 \u021bie, studen\u021bie!\u201d- proiect \u00een parteneriat cu clubul de fotbal FC Universitatea Cluj \u0219i altele.<\/p>\n\n\n\n<p>Toate activit\u0103\u021bile intermediate de Biroul pentru Voluntariat \u00een anul 2024 au implicat 36 de cadre didactice sau cercet\u0103tori \u2013 coordonatori de voluntari \u2013 ce au desf\u0103\u0219urat programe de voluntariat cu durata de cel pu\u021bin o lun\u0103 \u00een 32 de structuri UBB, dintre care amintim: Institutul de Istorie Ecleziastic\u0103 \u201eNicolae Boc\u0219an\u201d, Centrul de Carier\u0103, Orientare Profesional\u0103 \u0219i Alumni, Institutul Interna\u021bional pentru Studii Avandate \u00een Psihoterapie \u0219i S\u0103n\u0103tate Mintal\u0103, Biroul pentru Studen\u021bi cu Dizabilit\u0103\u021bi, Muzeul de Zoologie UBB, Centrul Cultural Japonez, Gr\u0103dina Botanic\u0103 \u201eAlexandru Borza\u201d, Facultatea de Psihologie \u0219i \u0218tiin\u021be ale Educa\u021biei, Facultatea de Istorie \u0219i Filosofie, Facultatea de Biologie \u0219i Geologie, Centrul de Consiliere Student Expert, Muzeul de Istorie al Universit\u0103\u021bii Babe\u0219-Bolyai, Facultatea de Business, Facultatae de \u0218tiin\u021be Politice, Administrative \u0219i ale Comunic\u0103rii, &nbsp;Clinica PsyTech, Centrul de Cooper\u0103ri Interna\u021bionale, Direc\u021bia Patrimoniu Cultural Universitar &#8211; Serviciul Arhiva Universit\u0103\u021bii,&nbsp; Muzeul Virtual \u0219i Documentar al Holocaustului din Nordul Transilvaniei, Protec\u021bia datelor cu caracter personal la UBB Cluj, Facultatea de Sociologie \u0219i Asisten\u021b\u0103 Social\u0103, Muzeul \u201eAlexandru Duma\u201d UBB, Centrul de Cercetare \u0219i Prevenire a Violen\u021bei Societale\u0219i Familiale, Centrul Suport Orizont UBB, UBB-CORE \u0219i al\u021bii. Contribu\u021bia voluntarilor \u00een cadrul acestor structuri \u00eensumeaz\u0103 peste 50.000 de ore de voluntariat.<\/p>\n\n\n\n<p>Programele \u0219i oportunit\u0103\u021bile de dezvoltare informal\u0103 din cadrul UBB au ajuns la studen\u021bi prin intermediul site-ului (<a href=\"http:\/\/www.voluntariat.centre.ubbcluj.ro\">www.voluntariat.centre.ubbcluj.ro<\/a>) care a fost \u00een permanen\u021b\u0103 actualizat \u0219i a oferit sprijin coordonatorilor \u0219i voluntarilor care au avut solicit\u0103ri.<\/p>\n\n\n\n<p>Un alt mod prin care am reu\u0219it \u00een acest an s\u0103 ajungem la mai mul\u021bi studen\u021bi \u00eel reprezint\u0103 re\u021belele de socializare. Pe pagina de Facebook (<a href=\"https:\/\/www.facebook.com\/VoluntarUBB\">https:\/\/www.facebook.com\/VoluntarUBB<\/a>) \u0219i pe cea de Instagram (<a href=\"https:\/\/www.instagram.com\/voluntariat_ubb\/\">https:\/\/www.instagram.com\/voluntariat_ubb\/<\/a>) s-au realizat 54 de materiale de promovare a programului de voluntariat: post\u0103ri informative, infografice, apeluri la oportunit\u0103\u021bi venite din comunitatea UBB, testimoniale. \u00cen plus, pagina de Instagram a marcat o cre\u0219tere semnificatic\u0103 a urm\u0103ritorilor \u0219i a interac\u021biunilor \u00een 2024, ajung\u00e2nd s\u0103 fie urm\u0103rit \u00een prezent de 1.189 de persoane. La finele anului, un cont de TikTok cu scop educativ a fost creat pentru Biroul pentru Voluntariat. Acesta este \u00een curs de dezvoltare, urm\u0103rind s\u0103 prezinte momente din activit\u0103\u021bile de voluntariat din diferite structuri, clipuri informa\u021bionale \u0219i amuzante, care s\u0103 atrag\u0103 c\u00e2t mai multe persoane c\u0103tre activit\u0103\u021bile viitoare.<\/p>\n\n\n\n<p>Procesul de digitalizare a documentelor a continuat \u0219i \u00een anul 2024. Cele peste 3500 contracte de voluntariat cu anexe sunt stocate \u00een format electronic la zi. Drept urmare, a crescut promptitudinea \u00een transmiterea diferitelor documente c\u0103tre solicitan\u021bi.<\/p>\n\n\n\n<p>Spre finalul anului, Biroul pentru Voluntariat a \u00eenceput s\u0103 premieze coordonatorii de voluntari \u00een cadre oficiale. Astfel, la decernarea diplomelor \u0219i adeverin\u021belor de voluntariat participan\u021bilor la stagiul de voluntariat desf\u0103\u0219urat de Arhiva UBB, cei 5 coordonatori au fost premia\u021bi simbolic cu c\u00e2te o carte. Aceast\u0103 ini\u021biativ\u0103 va continua \u0219i \u00een 2025, fiind un gest mic de mul\u021bumire fa\u021b\u0103 de mentori care a fost primit cu entuziasm de ace\u0219tia.<\/p>\n\n\n\n<p>\u00cen concluzie, \u00een 2024 Biroul pentru Voluntariat a r\u0103spuns pozitiv diverselor ini\u021biative venite din partea coordonatorilor \u0219i a partenerilor externi \u0219i a \u00eencercat s\u0103 ofere sprijin de ambele p\u0103r\u021bi pentru reu\u0219ita unui eveniment sau \u00een selec\u021bia voluntarilor. Ini\u021biativele noi care au marcat anul vor fi derulate \u0219i pe parcursul anului 2025, datorit\u0103 impactului pozitiv \u0219i a feedbackului primit.<\/p>\n","protected":false},"excerpt":{"rendered":"<p>\u00cen anul 2024, \u00een cadrul programului \u201eVoluntar la UBB\u201d al Biroului pentru Voluntariat au fost \u00eencheiate 554 de contracte de voluntariat. \u00cen ceea ce privesc adeverin\u021bele de voluntariat, o component\u0103&#8230; <\/p>\n","protected":false},"author":6,"featured_media":0,"parent":22,"menu_order":0,"comment_status":"closed","ping_status":"closed","template":"","meta":[],"_links":{"self":[{"href":"https:\/\/voluntariat.centre.ubbcluj.ro\/index.php\/wp-json\/wp\/v2\/pages\/424"}],"collection":[{"href":"https:\/\/voluntariat.centre.ubbcluj.ro\/index.php\/wp-json\/wp\/v2\/pages"}],"about":[{"href":"https:\/\/voluntariat.centre.ubbcluj.ro\/index.php\/wp-json\/wp\/v2\/types\/page"}],"author":[{"embeddable":true,"href":"https:\/\/voluntariat.centre.ubbcluj.ro\/index.php\/wp-json\/wp\/v2\/users\/6"}],"replies":[{"embeddable":true,"href":"https:\/\/voluntariat.centre.ubbcluj.ro\/index.php\/wp-json\/wp\/v2\/comments?post=424"}],"version-history":[{"count":1,"href":"https:\/\/voluntariat.centre.ubbcluj.ro\/index.php\/wp-json\/wp\/v2\/pages\/424\/revisions"}],"predecessor-version":[{"id":426,"href":"https:\/\/voluntariat.centre.ubbcluj.ro\/index.php\/wp-json\/wp\/v2\/pages\/424\/revisions\/426"}],"up":[{"embeddable":true,"href":"https:\/\/voluntariat.centre.ubbcluj.ro\/index.php\/wp-json\/wp\/v2\/pages\/22"}],"wp:attachment":[{"href":"https:\/\/voluntariat.centre.ubbcluj.ro\/index.php\/wp-json\/wp\/v2\/media?parent=424"}],"curies":[{"name":"wp","href":"https:\/\/api.w.org\/{rel}","templated":true}]}}